t 21 (base 6) to base 5.
23
What is 12 (base 3) in base 8?
5
-10010 (base 2) to base 10
-18
-111 (base 3) to base 15
-d
Convert -2 (base 9) to base 14.
-2
-26 (base 12) to base 4
-132
b2 (base 14) to base 7
312
Convert -5 (base 8) to base 3.
-12
What is 2 (base 15) in base 13?
2
-2 (base 5) to base 15
-2
What is 2 (base 6) in base 13?
2
Convert -1 (base 11) to base 2.
-1
2123 (base 4) to base 15
a5
111 (base 2) to base 3
21
Convert 8 (base 15) to base 9.
8
-a (base 11) to base 2
-1010
104 (base 5) to base 8
35
Convert 0 (base 10) to base 8.
0
Convert -2 (base 16) to base 9.
-2
What is -13 (base 7) in base 11?
-a
What is 4 (base 9) in base 2?
100
What is -20 (base 5) in base 15?
-a
1 (base 8) to base 2
1
Convert 53 (base 9) to base 6.
120
-240 (base 5) to base 10
-70
Convert -86 (base 11) to base 6.
-234
-2 (base 15) to base 12
-2
-6 (base 16) to base 3
-20
-6 (base 7) to base 13
-6
What is -56 (base 13) in base 7?
-131
What is 0 (base 2) in base 4?
0
Convert -10 (base 4) to base 9.
-4
3 (base 13) to base 14
3
What is -68 (base 9) in base 14?
-46
0 (base 4) to base 2
0
-12 (base 4) to base 8
-6
What is 102 (base 6) in base 11?
35
Convert 124 (base 10) to base 16.
7c
-6e (base 16) to base 13
-86
6 (base 11) to base 10
6
What is -31 (base 4) in base 14?
-d
4 (base 12) to base 6
4
What is 63 (base 11) in base 2?
1000101
4 (base 8) to base 9
4
Convert 20 (base 13) to base 12.
22
Convert -9 (base 15) to base 4.
-21
What is 4 (base 7) in base 3?
11
Convert -3 (base 14) to base 11.
-3
-20 (base 4) to base 5
-13
53 (base 8) to base 16
2b
What is 2 (base 14) in base 16?
2
Convert -3 (base 5) to base 8.
-3
-11 (base 2) to base 11
-3
Convert -9d (base 16) to base 6.
-421
Convert -1 (base 11) to base 7.
-1
Convert 3 (base 13) to base 4.
3
348 (base 10) to base 14
1ac
10 (base 4) to base 12
4
1 (base 10) to base 4
1
Convert 0 (base 2) to base 9.
0
Convert 3 (base 16) to base 14.
3
What is -1 (base 7) in base 15?
-1
2 (base 4) to base 10
2
15 (base 13) to base 8
22
What is 2211 (base 4) in base 12?
119
-4 (base 5) to base 6
-4
2 (base 13) to base 7
2
-12 (base 8) to base 7
-13
What is -9 (base 12) in base 5?
-14
-2a (base 14) to base 10
-38
What is 23 (base 6) in base 2?
1111
c (base 16) to base 12
10
Convert -5 (base 8) to base 14.
-5
What is 8 (base 9) in base 5?
13
-73 (base 8) to base 6
-135
Convert -5 (base 10) to base 4.
-11
b (base 15) to base 14
b
Convert -83 (base 10) to base 7.
-146
412 (base 7) to base 13
12a
Convert -26 (base 7) to base 4.
-110
Convert -10 (base 6) to base 11.
-6
-238 (base 9) to base 2
-11000101
12 (base 4) to base 9
6
What is -10 (base 3) in base 15?
-3
What is -432 (base 6) in base 16?
-a4
-3 (base 5) to base 4
-3
2 (base 16) to base 7
2
Convert 4 (base 12) to base 16.
4
What is -b (base 13) in base 5?
-21
12 (base 12) to base 15
e
What is 1 (base 15) in base 9?
1
What is 4 (base 7) in base 2?
100
Convert -2 (base 3) to base 11.
-2
Convert -311 (base 4) to base 9.
-58
5 (base 6) to base 9
5
What is -5 (base 12) in base 15?
-5
What is -5 (base 12) in base 2?
-101
-40 (base 10) to base 11
-37
What is 41 (base 5) in base 7?
30
1221 (base 4) to base 7
210
What is 0 (base 4) in base 11?
0
11000 (base 2) to base 9
26
What is 32 (base 12) in base 3?
1102
What is e (base 15) in base 10?
14
Convert 1201 (base 4) to base 9.
117
What is 1 (base 11) in base 4?
1
What is -1321 (base 4) in base 10?
-121
What is 135 (base 8) in base 10?
93
Convert 10 (base 10) to base 9.
11
Convert 23 (base 13) to base 6.
45
What is -96 (base 15) in base 4?
-2031
What is 112 (base 3) in base 13?
11
What is -92 (base 11) in base 10?
-101
What is -16 (base 7) in base 16?
-d
2030 (base 4) to base 13
aa
101 (base 2) to base 5
10
What is -555 (base 6) in base 15?
-e5
What is 61 (base 10) in base 14?
45
Convert -2 (base 12) to base 16.
-2
What is -10 (base 2) in base 7?
-2
Convert -1000 (base 2) to base 4.
-20
76 (base 10) to base 8
114
Convert 3 (base 14) to base 15.
3
What is 1 (base 10) in base 2?
1
0 (base 8) to base 10
0
-124 (base 7) to base 5
-232
Convert -125 (base 7) to base 14.
-4c
What is 3 (base 13) in base 3?
10
What is -1 (base 3) in base 10?
-1
What is -14 (base 10) in base 7?
-20
11 (base 6) to base 7
10
47 (base 9) to base 6
111
234 (base 6) to base 5
334
What is -123 (base 4) in base 10?
-27
-6 (base 8) to base 10
-6
What is 0 (base 5) in base 3?
0
What is 22 (base 4) in base 13?
a
Convert 0 (base 15) to base 12.
0
What is -7 (base 10) in base 11?
-7
12 (base 4) to base 13
6
11 (base 5) to base 11
6
What is -5 (base 13) in base 2?
-101
1010 (base 2) to base 7
13
What is -64 (base 7) in base 3?
-1201
-12 (base 5) to base 14
-7
What is 53 (base 8) in base 2?
101011
Convert 110 (base 5) to base 8.
36
Convert 25 (base 9) to base 4.
113
What is 14 (base 11) in base 13?
12
110 (base 2) to base 5
11
-9 (base 14) to base 11
-9
What is 12 (base 10) in base 13?
c
42 (base 13) to base 14
3c
What is -100 (base 2) in base 16?
-4
Convert -20112 (base 3) to base 5.
-1201
What is -35 (base 8) in base 7?
-41
What is 1122 (base 3) in base 16?
2c
What is 0 (base 15) in base 7?
0
What is -20 (base 3) in base 6?
-10
-12 (base 16) to base 2
-10010
-6 (base 7) to base 11
-6
What is 0 (base 13) in base 12?
0
Convert -72 (base 11) to base 3.
-2221
What is -203 (base 5) in base 16?
-35
What is 107 (base 15) in base 7?
451
Convert -123 (base 7) to base 2.
-1000010
What is 1101 (base 2) in base 3?
111
Convert -11 (base 3) to base 14.
-4
44 (base 6) to base 13
22
What is 3 (base 8) in base 16?
3
What is -100110 (base 3) in base 15?
-120
What is 96 (base 16) in base 10?
150
What is 232 (base 6) in base 2?
1011100
What is -1 (base 16) in base 9?
-1
1a (base 11) to base 4
111
What is -49 (base 10) in base 9?
-54
Convert -12221 (base 3) to base 12.
-114
What is 11 (base 7) in base 11?
8
Convert -52 (base 14) to base 11.
-66
0 (base 9) to base 7
0
Convert 0 (base 4) to base 9.
0
110000 (base 2) to base 3
1210
10 (base 10) to base 3
101
Convert -73 (base 12) to base 7.
-153
What is 1b (base 13) in base 11?
22
What is 72 (base 13) in base 4?
1131
What is -438 (base 9) in base 14?
-1b9
What is 2 (base 5) in base 14?
2
Convert -12 (base 9) to base 16.
-b
-101 (base 2) to base 7
-5
100 (base 2) to base 10
4
Convert 5 (base 10) to base 3.
12
Convert 1c (base 13) to base 12.
21
6 (base 13) to base 16
6
What is 103 (base 4) in base 2?
10011
What is 314 (base 10) in base 9?
378
23 (base 4) to base 2
1011
Convert -b (base 13) to base 14.
-b
Convert -17 (base 12) to base 6.
-31
What is b1 (base 13) in base 5?
1034
Convert -124 (base 8) to base 9.
-103
-9 (base 13) to base 10
-9
-315 (base 8) to base 7
-412
Convert -3 (base 5) to base 11.
-3
What is -42 (base 16) in base 12?
-56
Convert -3 (base 15) to base 7.
-3
What is 3 (base 11) in base 12?
3
Convert 117 (base 9) to base 6.
241
What is 11 (base 2) in base 3?
10
14 (base 8) to base 13
c
-21 (base 3) to base 11
-7
Convert -3 (base 12) to base 4.
-3
-42 (base 10) to base 5
-132
Convert -1 (base 4) to base 16.
-1
Convert -18 (base 15) to base 8.
-27
Convert -1001010 (base 2) to base 6.
-202
What is 2 (base 7) in base 6?
2
11 (base 15) to base 14
12
Convert 6 (base 8) to base 4.
12
Convert 2 (base 3) to base 14.
2
c2 (base 16) to base 14
dc
Convert 12 (base 9) to base 3.
102
What is 11 (base 13) in base 10?
14
What is 171 (base 9) in base 5?
1040
Convert 12 (base 9) to base 4.
23
-21 (base 10) to base 8
-25
Convert 41 (base 6) to base 15.
1a
69 (base 14) to base 13
72
Convert 1211 (base 4) to base 15.
6b
What is 51 (base 10) in base 6?
123
a5 (base 12) to base 6
325
-23 (base 4) to base 6
-15
What is -103 (base 10) in base 11?
-94
Convert -4 (base 12) to base 13.
-4
What is -7 (base 10) in base 16?
-7
Convert 22 (base 5) to base 12.
10
What is -44 (base 7) in base 4?
-200
What is 0 (base 10) in base 16?
0
Convert 6 (base 12) to base 8.
6
-8 (base 14) to base 13
-8
Convert -4e (base 15) to base 10.
-74
What is -1100000 (base 2) in base 5?
-341
-20 (base 16) to base 2
-100000
21 (base 3) to base 15
7
-37 (base 12) to base 4
-223
Convert -10001 (base 2) to base 3.
-122
-31 (base 7) to base 12
-1a
What is 13 (base 5) in base 6?
12
Convert 30 (base 4) to base 2.
1100
Convert 169 (base 13) to base 7.
514
-10 (base 10) to base 14
-a
What is -20